What is the remainder when 2347967 is divided by 374?
369
Calculate the remainder when 2793 is divided by 339.
81
What is the remainder when 9149 is divided by 23?
18
Calculate the remainder when 3598 is divided by 1790.
18
What is the remainder when 14803 is divided by 2112?
19
Calculate the remainder when 34194 is divided by 16994.
206
What is the remainder when 34925 is divided by 74?
71
What is the remainder when 327436 is divided by 201?
7
What is the remainder when 3162 is divided by 1089?
984
What is the remainder when 2968 is divided by 4?
0
What is the remainder when 8408 is divided by 14?
8
Calculate the remainder when 488 is divided by 148.
44
Calculate the remainder when 3860529 is divided by 117.
114
What is the remainder when 258186 is divided by 12294?
12
Calculate the remainder when 67265 is divided by 13438.
75
Calculate the remainder when 4171 is divided by 211.
162
What is the remainder when 705 is divided by 239?
227
Calculate the remainder when 149 is divided by 35.
9
Calculate the remainder when 21902 is divided by 22.
12
Calculate the remainder when 53810 is divided by 22.
20
Calculate the remainder when 79522 is divided by 410.
392
What is the remainder when 23919 is divided by 1991?
27
Calculate the remainder when 55535 is divided by 13880.
15
Calculate the remainder when 15819 is divided by 15722.
97
Calculate the remainder when 27000 is divided by 1039.
1025
Calculate the remainder when 96668 is divided by 108.
8
Calculate the remainder when 90774 is divided by 56.
54
Calculate the remainder when 142150 is divided by 14215.
0
Calculate the remainder when 21418 is divided by 657.
394
What is the remainder when 201596 is divided by 175?
171
Calculate the remainder when 72702 is divided by 1102.
1072
Calculate the remainder when 37171 is divided by 12366.
73
Calculate the remainder when 12443 is divided by 216.
131
What is the remainder when 6137 is divided by 212?
201
Calculate the remainder when 402004 is divided by 22.
20
Calculate the remainder when 72964 is divided by 6633.
1
Calculate the remainder when 2627 is divided by 1201.
225
Calculate the remainder when 1641 is divided by 1061.
580
Calculate the remainder when 6791 is divided by 70.
1
What is the remainder when 3138 is divided by 145?
93
What is the remainder when 3133 is divided by 3126?
7
Calculate the remainder when 1241002 is divided by 413654.
40
What is the remainder when 709 is divided by 487?
222
What is the remainder when 39552 is divided by 341?
337
What is the remainder when 465601 is divided by 42?
31
Calculate the remainder when 63895 is divided by 182.
13
What is the remainder when 199647 is divided by 166?
115
Calculate the remainder when 425456 is divided by 294.
38
Calculate the remainder when 135403 is divided by 177.
175
What is the remainder when 147713 is divided by 14?
13
What is the remainder when 104 is divided by 35?
34
Calculate the remainder when 1465099 is divided by 932.
927
Calculate the remainder when 5892 is divided by 8.
4
What is the remainder when 1066 is divided by 114?
40
What is the remainder when 216159 is divided by 55?
9
Calculate the remainder when 8010 is divided by 41.
15
What is the remainder when 34055 is divided by 1484?
1407
What is the remainder when 196 is divided by 190?
6
Calculate the remainder when 2878 is divided by 1432.
14
What is the remainder when 135992 is divided by 80?
72
Calculate the remainder when 115356 is divided by 663.
657
What is the remainder when 21968 is divided by 21952?
16
Calculate the remainder when 1584 is divided by 606.
372
Calculate the remainder when 37083 is divided by 165.
123
What is the remainder when 271770 is divided by 142?
124
What is the remainder when 11653 is divided by 389?
372
What is the remainder when 1908 is divided by 464?
52
What is the remainder when 21836 is divided by 172?
164
Calculate the remainder when 13591 is divided by 179.
166
What is the remainder when 444832 is divided by 2293?
2283
Calculate the remainder when 207411 is divided by 137.
130
What is the remainder when 66436 is divided by 22129?
49
Calculate the remainder when 2529383 is divided by 201.
200
What is the remainder when 2044 is divided by 228?
220
Calculate the remainder when 54008 is divided by 1873.
1564
What is the remainder when 1027225 is divided by 10?
5
Calculate the remainder when 83425 is divided by 132.
1
Calculate the remainder when 618637 is divided by 74.
71
What is the remainder when 64899 is divided by 375?
24
What is the remainder when 173234 is divided by 269?
267
What is the remainder when 137519 is divided by 180?
179
Calculate the remainder when 29913 is divided by 9913.
174
What is the remainder when 9565 is divided by 24?
13
Calculate the remainder when 7172 is divided by 342.
332
What is the remainder when 12581 is divided by 898?
9
Calculate the remainder when 3330 is divided by 155.
75
Calculate the remainder when 2064 is divided by 18.
12
Calculate the remainder when 489054 is divided by 904.
894
What is the remainder when 16894 is divided by 176?
174
What is the remainder when 12820 is divided by 313?
300
Calculate the remainder when 665165 is divided by 19.
13
Calculate the remainder when 28983 is divided by 282.
219
Calculate the remainder when 21252 is divided by 65.
62
Calculate the remainder when 599557 is divided by 4.
1
Calculate the remainder when 67053 is divided by 264.
261
Calculate the remainder when 680 is divided by 20.
0
What is the remainder when 4122 is divided by 111?
15
Calculate the remainder when 22163 is divided by 22141.
22
Calculate the remainder when 1134222 is divided by 62.
56
Calculate the remainder when 114741 is divided by 69.
63
What is the remainder when 1793 is divided by 453?
434
What is the remainder when 288838 is divided by 120?
118
What is the remainder when 72554 is divided by 113?
8
Calculate the remainder when 351196 is divided by 70.
6
What is the remainder when 13410 is divided by 6702?
6
What is the remainder when 10247 is divided by 9?
5
What is the remainder when 290292 is divided by 44?
24
What is the remainder when 474772 is divided by 743?
738
What is the remainder when 76195 is divided by 78?
67
Calculate the remainder when 10681 is divided by 973.
951
What is the remainder when 1541344 is divided by 786?
784
Calculate the remainder when 979 is divided by 411.
157
Calculate the remainder when 357337 is divided by 9926.
1
Calculate the remainder when 249 is divided by 26.
15
Calculate the remainder when 8577 is divided by 535.
17
What is the remainder when 6005 is divided by 2941?
123
Calculate the remainder when 175378 is divided by 37.
35
Calculate the remainder when 7224 is divided by 2401.
21
What is the remainder when 140124 is divided by 295?
294
What is the remainder when 215152 is divided by 17926?
40
What is the remainder when 5249 is divided by 5?
4
What is the remainder when 192 is divided by 130?
62
Calculate the remainder when 19259 is divided by 18.
17
What is the remainder when 37063 is divided by 9253?
51
What is the remainder when 2570 is divided by 287?
274
What is the remainder when 19520 is divided by 9759?
2
Calculate the remainder when 4458391 is divided by 59.
56
What is the remainder when 7678 is divided by 959?
6
Calculate the remainder when 2597 is divided by 2492.
105
What is the remainder when 218721 is divided by 124?
109
Calculate the remainder when 1283456 is divided by 454.
452
What is the remainder when 23496 is divided by 26?
18
Calculate the remainder when 122 is divided by 90.
32
Calculate the remainder when 36610 is divided by 12.
10
Calculate the remainder when 36003 is divided by 11.
0
Calculate the remainder when 265747 is divided by 139.
118
Calculate the remainder when 129921 is divided by 173.
171
What is the remainder when 2833 is divided by 45?
43
What is the remainder when 2386 is divided by 560?
146
Calculate the remainder when 5802 is divided by 63.
6
What is the remainder when 7385 is divided by 7366?
19
Calculate the remainder when 20291 is divided by 61.
39
What is the remainder when 74150 is divided by 184?
182
Calculate the remainder when 36341 is divided by 27.
26
What is the remainder when 25085 is divided by 1629?
650
Calculate the remainder when 5662